{"id":17,"date":"2022-01-12T05:47:05","date_gmt":"2022-01-12T04:47:05","guid":{"rendered":"http:\/\/tycia-institut.re\/?page_id=17"},"modified":"2025-12-14T14:38:12","modified_gmt":"2025-12-14T13:38:12","slug":"a-propos","status":"publish","type":"page","link":"https:\/\/tycia-institut.re\/index.php\/a-propos\/","title":{"rendered":"\u00c0 propos"},"content":{"rendered":"\t\t<div data-elementor-type=\"wp-page\" data-elementor-id=\"17\" class=\"elementor elementor-17\">\n\t\t\t\t\t\t\t\t\t<section class=\"elementor-section elementor-top-section elementor-element elementor-element-f89a1c7 elementor-section-height-min-height elementor-section-boxed elementor-section-height-default elementor-section-items-middle elementor-invisible\" data-id=\"f89a1c7\" data-element_type=\"section\" data-settings=\"{&quot;background_background&quot;:&quot;classic&quot;,&quot;animation&quot;:&quot;fadeIn&quot;}\">\n\t\t\t\t\t\t\t<div class=\"elementor-background-overlay\"><\/div>\n\t\t\t\t\t\t\t<div class=\"elementor-container elementor-column-gap-default\">\n\t\t\t\t\t<div class=\"elementor-column elementor-col-100 elementor-top-column elementor-element elementor-element-80cb6ba\" data-id=\"80cb6ba\" data-element_type=\"column\">\n\t\t\t<div class=\"elementor-widget-wrap elementor-element-populated\">\n\t\t\t\t\t\t\t\t<div class=\"elementor-element elementor-element-b19ad23 elementor-widget elementor-widget-heading\" data-id=\"b19ad23\" data-element_type=\"widget\" data-widget_type=\"heading.default\">\n\t\t\t\t<div class=\"elementor-widget-container\">\n\t\t\t<style>\/*! elementor - v3.6.8 - 27-07-2022 *\/\n.elementor-heading-title{padding:0;margin:0;line-height:1}.elementor-widget-heading .elementor-heading-title[class*=elementor-size-]>a{color:inherit;font-size:inherit;line-height:inherit}.elementor-widget-heading .elementor-heading-title.elementor-size-small{font-size:15px}.elementor-widget-heading .elementor-heading-title.elementor-size-medium{font-size:19px}.elementor-widget-heading .elementor-heading-title.elementor-size-large{font-size:29px}.elementor-widget-heading .elementor-heading-title.elementor-size-xl{font-size:39px}.elementor-widget-heading .elementor-heading-title.elementor-size-xxl{font-size:59px}<\/style><h2 class=\"elementor-heading-title elementor-size-default\">A propos<\/h2>\t\t<\/div>\n\t\t\t\t<\/div>\n\t\t\t\t\t<\/div>\n\t\t<\/div>\n\t\t\t\t\t\t\t<\/div>\n\t\t<\/section>\n\t\t\t\t<section class=\"elementor-section elementor-top-section elementor-element elementor-element-0d66191 elementor-section-boxed elementor-section-height-default elementor-section-height-default\" data-id=\"0d66191\" data-element_type=\"section\">\n\t\t\t\t\t\t<div class=\"elementor-container elementor-column-gap-default\">\n\t\t\t\t\t<div class=\"elementor-column elementor-col-100 elementor-top-column elementor-element elementor-element-4056398\" data-id=\"4056398\" data-element_type=\"column\">\n\t\t\t<div class=\"elementor-widget-wrap elementor-element-populated\">\n\t\t\t\t\t\t\t\t<section class=\"elementor-section elementor-inner-section elementor-element elementor-element-f3bf4d2 elementor-section-boxed elementor-section-height-default elementor-section-height-default\" data-id=\"f3bf4d2\" data-element_type=\"section\">\n\t\t\t\t\t\t<div class=\"elementor-container elementor-column-gap-default\">\n\t\t\t\t\t<div class=\"elementor-column elementor-col-100 elementor-inner-column elementor-element elementor-element-271db09\" data-id=\"271db09\" data-element_type=\"column\">\n\t\t\t<div class=\"elementor-widget-wrap elementor-element-populated\">\n\t\t\t\t\t\t\t\t<div class=\"elementor-element elementor-element-dc28b37 elementor-widget elementor-widget-text-editor\" data-id=\"dc28b37\" data-element_type=\"widget\" data-widget_type=\"text-editor.default\">\n\t\t\t\t<div class=\"elementor-widget-container\">\n\t\t\t<style>\/*! elementor - v3.6.8 - 27-07-2022 *\/\n.elementor-widget-text-editor.elementor-drop-cap-view-stacked .elementor-drop-cap{background-color:#818a91;color:#fff}.elementor-widget-text-editor.elementor-drop-cap-view-framed .elementor-drop-cap{color:#818a91;border:3px solid;background-color:transparent}.elementor-widget-text-editor:not(.elementor-drop-cap-view-default) .elementor-drop-cap{margin-top:8px}.elementor-widget-text-editor:not(.elementor-drop-cap-view-default) .elementor-drop-cap-letter{width:1em;height:1em}.elementor-widget-text-editor .elementor-drop-cap{float:left;text-align:center;line-height:1;font-size:50px}.elementor-widget-text-editor .elementor-drop-cap-letter{display:inline-block}<\/style>\t\t\t\t<p><strong>Tycia Institut<\/strong> est un salon de beaut\u00e9 situ\u00e9 \u00e0 la <strong>Possession<\/strong>.<br>Venez vous d\u00e9tendre dans un endroit calme et reposant.<br>De nombreuses prestations vous seront propos\u00e9es, telles que :<\/p>\n<p><strong>Des<\/strong> <strong>soins visage<\/strong> Bio &amp; Haute Technologie.<\/p>\n<p><strong>Des \u00e9pilations classiques.<\/strong><\/p>\n<p><strong>Des \u00e9pilations avec la marque EPILODERM <\/strong>vous garantissant l&rsquo;allongement des d\u00e9lais quant \u00e0 la repousse des poils et une r\u00e9duction de la douleur.<\/p>\n<p><strong>Des beaut\u00e9s des mains et des pieds <\/strong>avec des poses de <strong>vernis semi-permanents<\/strong>.<\/p>\n<p><strong>Des cures amincissantes LPG.<\/strong><\/p>\n<p>Et des s\u00e9ances de relaxation gr\u00e2ce \u00e0 <strong>des massages adapt\u00e9s.<\/strong><\/p>\t\t\t\t\t\t<\/div>\n\t\t\t\t<\/div>\n\t\t\t\t\t<\/div>\n\t\t<\/div>\n\t\t\t\t\t\t\t<\/div>\n\t\t<\/section>\n\t\t\t\t\t<\/div>\n\t\t<\/div>\n\t\t\t\t\t\t\t<\/div>\n\t\t<\/section>\n\t\t\t\t<section class=\"elementor-section elementor-top-section elementor-element elementor-element-c039b64 elementor-section-boxed elementor-section-height-default elementor-section-height-default\" data-id=\"c039b64\" data-element_type=\"section\">\n\t\t\t\t\t\t<div class=\"elementor-container elementor-column-gap-default\">\n\t\t\t\t\t<div class=\"elementor-column elementor-col-100 elementor-top-column elementor-element elementor-element-44c4645\" data-id=\"44c4645\" data-element_type=\"column\">\n\t\t\t<div class=\"elementor-widget-wrap elementor-element-populated\">\n\t\t\t\t\t\t\t\t<div class=\"elementor-element elementor-element-0182fb3 animated-slow elementor-invisible elementor-widget elementor-widget-image\" data-id=\"0182fb3\" data-element_type=\"widget\" data-settings=\"{&quot;_animation&quot;:&quot;fadeIn&quot;}\" data-widget_type=\"image.default\">\n\t\t\t\t<div class=\"elementor-widget-container\">\n\t\t\t<style>\/*! elementor - v3.6.8 - 27-07-2022 *\/\n.elementor-widget-image{text-align:center}.elementor-widget-image a{display:inline-block}.elementor-widget-image a img[src$=\".svg\"]{width:48px}.elementor-widget-image img{vertical-align:middle;display:inline-block}<\/style>\t\t\t\t\t\t\t\t\t\t\t\t<img width=\"800\" height=\"548\" src=\"https:\/\/tycia-institut.re\/wp-content\/uploads\/2022\/02\/IMGL3488-min-1024x702.jpg\" class=\"attachment-large size-large\" alt=\"\" loading=\"lazy\" srcset=\"https:\/\/tycia-institut.re\/wp-content\/uploads\/2022\/02\/IMGL3488-min-1024x702.jpg 1024w, https:\/\/tycia-institut.re\/wp-content\/uploads\/2022\/02\/IMGL3488-min-300x206.jpg 300w, https:\/\/tycia-institut.re\/wp-content\/uploads\/2022\/02\/IMGL3488-min-768x526.jpg 768w, https:\/\/tycia-institut.re\/wp-content\/uploads\/2022\/02\/IMGL3488-min-1536x1052.jpg 1536w\" sizes=\"(max-width: 800px) 100vw, 800px\" \/>\t\t\t\t\t\t\t\t\t\t\t\t\t\t\t<\/div>\n\t\t\t\t<\/div>\n\t\t\t\t<div class=\"elementor-element elementor-element-7ae4d18 elementor-align-center elementor-widget elementor-widget-button\" data-id=\"7ae4d18\" data-element_type=\"widget\" data-widget_type=\"button.default\">\n\t\t\t\t<div class=\"elementor-widget-container\">\n\t\t\t\t\t<div class=\"elementor-button-wrapper\">\n\t\t\t<a href=\"https:\/\/tycia-institut.re\/index.php\/prestation\/\" class=\"elementor-button-link elementor-button elementor-size-sm\" role=\"button\">\n\t\t\t\t\t\t<span class=\"elementor-button-content-wrapper\">\n\t\t\t\t\t\t<span class=\"elementor-button-text\">D\u00e9couvrez nos services<\/span>\n\t\t<\/span>\n\t\t\t\t\t<\/a>\n\t\t<\/div>\n\t\t\t\t<\/div>\n\t\t\t\t<\/div>\n\t\t\t\t\t<\/div>\n\t\t<\/div>\n\t\t\t\t\t\t\t<\/div>\n\t\t<\/section>\n\t\t\t\t<section class=\"elementor-section elementor-top-section elementor-element elementor-element-8a0e410 elementor-section-boxed elementor-section-height-default elementor-section-height-default\" data-id=\"8a0e410\" data-element_type=\"section\">\n\t\t\t\t\t\t<div class=\"elementor-container elementor-column-gap-default\">\n\t\t\t\t\t<div class=\"elementor-column elementor-col-100 elementor-top-column elementor-element elementor-element-074b2f6\" data-id=\"074b2f6\" data-element_type=\"column\">\n\t\t\t<div class=\"elementor-widget-wrap elementor-element-populated\">\n\t\t\t\t\t\t\t\t<div class=\"elementor-element elementor-element-6b69cde elementor-widget elementor-widget-heading\" data-id=\"6b69cde\" data-element_type=\"widget\" data-widget_type=\"heading.default\">\n\t\t\t\t<div class=\"elementor-widget-container\">\n\t\t\t<h2 class=\"elementor-heading-title elementor-size-default\">O\u00f9 nous trouver ? <\/h2>\t\t<\/div>\n\t\t\t\t<\/div>\n\t\t\t\t<div class=\"elementor-element elementor-element-23de365 elementor-widget elementor-widget-text-editor\" data-id=\"23de365\" data-element_type=\"widget\" data-widget_type=\"text-editor.default\">\n\t\t\t\t<div class=\"elementor-widget-container\">\n\t\t\t\t\t\t\t<p>Rendez-vous chez Tycia Institut pour passer un agr\u00e9able moment de bien-\u00eatre !<\/p>\n<p>Notre Institut se trouve \u00e0 la Possession : 9 Av. Salvador Allende, La Possession 97419<\/p>\n<p>Nos horaires :&nbsp;<\/p>\n<p><strong>Lundi<\/strong>: 08h30-18h00<\/p>\n<p><strong>Mardi<\/strong>: 08h30-18h00<\/p>\n<p><strong>Mercredi<\/strong>: 08h30-18h00<\/p>\n<p><strong>Jeudi<\/strong>: 8h30-18h00<\/p>\n<p><strong>Vendredi<\/strong>: 08h30-20h00<\/p>\n<p><strong>Samedi<\/strong>: 07h00-16h00<\/p>\n<p><strong>Dimanche<\/strong>: Ferm\u00e9<\/p>\t\t\t\t\t\t<\/div>\n\t\t\t\t<\/div>\n\t\t\t\t\t<\/div>\n\t\t<\/div>\n\t\t\t\t\t\t\t<\/div>\n\t\t<\/section>\n\t\t\t\t<section class=\"elementor-section elementor-top-section elementor-element elementor-element-2e15eb5 elementor-section-boxed elementor-section-height-default elementor-section-height-default\" data-id=\"2e15eb5\" data-element_type=\"section\">\n\t\t\t\t\t\t<div class=\"elementor-container elementor-column-gap-default\">\n\t\t\t\t\t<div class=\"elementor-column elementor-col-100 elementor-top-column elementor-element elementor-element-5546438 elementor-invisible\" data-id=\"5546438\" data-element_type=\"column\" data-settings=\"{&quot;animation&quot;:&quot;fadeInRight&quot;}\">\n\t\t\t<div class=\"elementor-widget-wrap elementor-element-populated\">\n\t\t\t\t\t\t\t\t<div class=\"elementor-element elementor-element-751d52f elementor-widget elementor-widget-google_maps\" data-id=\"751d52f\" data-element_type=\"widget\" data-widget_type=\"google_maps.default\">\n\t\t\t\t<div class=\"elementor-widget-container\">\n\t\t\t<style>\/*! elementor - v3.6.8 - 27-07-2022 *\/\n.elementor-widget-google_maps .elementor-widget-container{overflow:hidden}.elementor-widget-google_maps iframe{height:300px}<\/style>\t\t<div class=\"elementor-custom-embed\">\n\t\t\t<iframe frameborder=\"0\" scrolling=\"no\" marginheight=\"0\" marginwidth=\"0\"\n\t\t\t\t\tsrc=\"https:\/\/maps.google.com\/maps?q=9%20Rue%20Salvador%20Allende%2097419%20La%20Possession&#038;t=m&#038;z=17&#038;output=embed&#038;iwloc=near\"\n\t\t\t\t\ttitle=\"9 Rue Salvador Allende 97419 La Possession\"\n\t\t\t\t\taria-label=\"9 Rue Salvador Allende 97419 La Possession\"\n\t\t\t><\/iframe>\n\t\t<\/div>\n\t\t\t\t<\/div>\n\t\t\t\t<\/div>\n\t\t\t\t\t<\/div>\n\t\t<\/div>\n\t\t\t\t\t\t\t<\/div>\n\t\t<\/section>\n\t\t\t\t\t\t\t<\/div>\n\t\t","protected":false},"excerpt":{"rendered":"<p>A propos Tycia Institut est un salon de beaut\u00e9 situ\u00e9 \u00e0 la Possession.Venez vous d\u00e9tendre dans un endroit calme et reposant.De nombreuses prestations vous seront propos\u00e9es, telles que : Des soins visage Bio &amp; Haute Technologie. Des \u00e9pilations classiques. Des \u00e9pilations avec la marque EPILODERM vous garantissant l&rsquo;allongement des d\u00e9lais quant \u00e0 la repousse des [&hellip;]<\/p>\n","protected":false},"author":1,"featured_media":0,"parent":0,"menu_order":0,"comment_status":"closed","ping_status":"closed","template":"elementor_theme","meta":[],"yoast_head":"<!-- This site is optimized with the Yoast SEO plugin v19.4 - https:\/\/yoast.com\/wordpress\/plugins\/seo\/ -->\n<title>\u00c0 propos - Tycia Institut<\/title>\n<meta name=\"robots\" content=\"index, follow, max-snippet:-1, max-image-preview:large, max-video-preview:-1\" \/>\n<link rel=\"canonical\" href=\"https:\/\/tycia-institut.re\/index.php\/a-propos\/\" \/>\n<meta property=\"og:locale\" content=\"fr_FR\" \/>\n<meta property=\"og:type\" content=\"article\" \/>\n<meta property=\"og:title\" content=\"\u00c0 propos - Tycia Institut\" \/>\n<meta property=\"og:description\" content=\"A propos Tycia Institut est un salon de beaut\u00e9 situ\u00e9 \u00e0 la Possession.Venez vous d\u00e9tendre dans un endroit calme et reposant.De nombreuses prestations vous seront propos\u00e9es, telles que : Des soins visage Bio &amp; Haute Technologie. Des \u00e9pilations classiques. Des \u00e9pilations avec la marque EPILODERM vous garantissant l&rsquo;allongement des d\u00e9lais quant \u00e0 la repousse des [&hellip;]\" \/>\n<meta property=\"og:url\" content=\"https:\/\/tycia-institut.re\/index.php\/a-propos\/\" \/>\n<meta property=\"og:site_name\" content=\"Tycia Institut\" \/>\n<meta property=\"article:publisher\" content=\"https:\/\/www.facebook.com\/tyciainstitut.re\" \/>\n<meta property=\"article:modified_time\" content=\"2025-12-14T13:38:12+00:00\" \/>\n<meta property=\"og:image\" content=\"https:\/\/tycia-institut.re\/wp-content\/uploads\/2022\/02\/IMGL3488-min-1024x702.jpg\" \/>\n<meta name=\"twitter:card\" content=\"summary_large_image\" \/>\n<meta name=\"twitter:label1\" content=\"Dur\u00e9e de lecture estim\u00e9e\" \/>\n\t<meta name=\"twitter:data1\" content=\"1 minute\" \/>\n<script type=\"application\/ld+json\" class=\"yoast-schema-graph\">{\"@context\":\"https:\/\/schema.org\",\"@graph\":[{\"@type\":\"Organization\",\"@id\":\"https:\/\/tycia-institut.re\/#organization\",\"name\":\"Tycia Institut\",\"url\":\"https:\/\/tycia-institut.re\/\",\"sameAs\":[\"https:\/\/www.facebook.com\/tyciainstitut.re\"],\"logo\":{\"@type\":\"ImageObject\",\"inLanguage\":\"fr-FR\",\"@id\":\"https:\/\/tycia-institut.re\/#\/schema\/logo\/image\/\",\"url\":\"https:\/\/tycia-institut.re\/wp-content\/uploads\/2022\/01\/LogoTycia.png\",\"contentUrl\":\"https:\/\/tycia-institut.re\/wp-content\/uploads\/2022\/01\/LogoTycia.png\",\"width\":2669,\"height\":2480,\"caption\":\"Tycia Institut\"},\"image\":{\"@id\":\"https:\/\/tycia-institut.re\/#\/schema\/logo\/image\/\"}},{\"@type\":\"WebSite\",\"@id\":\"https:\/\/tycia-institut.re\/#website\",\"url\":\"https:\/\/tycia-institut.re\/\",\"name\":\"Tycia Institut\",\"description\":\"Institut de Beaut\u00e9\",\"publisher\":{\"@id\":\"https:\/\/tycia-institut.re\/#organization\"},\"potentialAction\":[{\"@type\":\"SearchAction\",\"target\":{\"@type\":\"EntryPoint\",\"urlTemplate\":\"https:\/\/tycia-institut.re\/?s={search_term_string}\"},\"query-input\":\"required name=search_term_string\"}],\"inLanguage\":\"fr-FR\"},{\"@type\":\"WebPage\",\"@id\":\"https:\/\/tycia-institut.re\/index.php\/a-propos\/\",\"url\":\"https:\/\/tycia-institut.re\/index.php\/a-propos\/\",\"name\":\"\u00c0 propos - Tycia Institut\",\"isPartOf\":{\"@id\":\"https:\/\/tycia-institut.re\/#website\"},\"datePublished\":\"2022-01-12T04:47:05+00:00\",\"dateModified\":\"2025-12-14T13:38:12+00:00\",\"breadcrumb\":{\"@id\":\"https:\/\/tycia-institut.re\/index.php\/a-propos\/#breadcrumb\"},\"inLanguage\":\"fr-FR\",\"potentialAction\":[{\"@type\":\"ReadAction\",\"target\":[\"https:\/\/tycia-institut.re\/index.php\/a-propos\/\"]}]},{\"@type\":\"BreadcrumbList\",\"@id\":\"https:\/\/tycia-institut.re\/index.php\/a-propos\/#breadcrumb\",\"itemListElement\":[{\"@type\":\"ListItem\",\"position\":1,\"name\":\"Accueil\",\"item\":\"https:\/\/tycia-institut.re\/\"},{\"@type\":\"ListItem\",\"position\":2,\"name\":\"\u00c0 propos\"}]}]}<\/script>\n<!-- \/ Yoast SEO plugin. -->","yoast_head_json":{"title":"\u00c0 propos - Tycia Institut","robots":{"index":"index","follow":"follow","max-snippet":"max-snippet:-1","max-image-preview":"max-image-preview:large","max-video-preview":"max-video-preview:-1"},"canonical":"https:\/\/tycia-institut.re\/index.php\/a-propos\/","og_locale":"fr_FR","og_type":"article","og_title":"\u00c0 propos - Tycia Institut","og_description":"A propos Tycia Institut est un salon de beaut\u00e9 situ\u00e9 \u00e0 la Possession.Venez vous d\u00e9tendre dans un endroit calme et reposant.De nombreuses prestations vous seront propos\u00e9es, telles que : Des soins visage Bio &amp; Haute Technologie. Des \u00e9pilations classiques. Des \u00e9pilations avec la marque EPILODERM vous garantissant l&rsquo;allongement des d\u00e9lais quant \u00e0 la repousse des [&hellip;]","og_url":"https:\/\/tycia-institut.re\/index.php\/a-propos\/","og_site_name":"Tycia Institut","article_publisher":"https:\/\/www.facebook.com\/tyciainstitut.re","article_modified_time":"2025-12-14T13:38:12+00:00","og_image":[{"url":"https:\/\/tycia-institut.re\/wp-content\/uploads\/2022\/02\/IMGL3488-min-1024x702.jpg"}],"twitter_card":"summary_large_image","twitter_misc":{"Dur\u00e9e de lecture estim\u00e9e":"1 minute"},"schema":{"@context":"https:\/\/schema.org","@graph":[{"@type":"Organization","@id":"https:\/\/tycia-institut.re\/#organization","name":"Tycia Institut","url":"https:\/\/tycia-institut.re\/","sameAs":["https:\/\/www.facebook.com\/tyciainstitut.re"],"logo":{"@type":"ImageObject","inLanguage":"fr-FR","@id":"https:\/\/tycia-institut.re\/#\/schema\/logo\/image\/","url":"https:\/\/tycia-institut.re\/wp-content\/uploads\/2022\/01\/LogoTycia.png","contentUrl":"https:\/\/tycia-institut.re\/wp-content\/uploads\/2022\/01\/LogoTycia.png","width":2669,"height":2480,"caption":"Tycia Institut"},"image":{"@id":"https:\/\/tycia-institut.re\/#\/schema\/logo\/image\/"}},{"@type":"WebSite","@id":"https:\/\/tycia-institut.re\/#website","url":"https:\/\/tycia-institut.re\/","name":"Tycia Institut","description":"Institut de Beaut\u00e9","publisher":{"@id":"https:\/\/tycia-institut.re\/#organization"},"potentialAction":[{"@type":"SearchAction","target":{"@type":"EntryPoint","urlTemplate":"https:\/\/tycia-institut.re\/?s={search_term_string}"},"query-input":"required name=search_term_string"}],"inLanguage":"fr-FR"},{"@type":"WebPage","@id":"https:\/\/tycia-institut.re\/index.php\/a-propos\/","url":"https:\/\/tycia-institut.re\/index.php\/a-propos\/","name":"\u00c0 propos - Tycia Institut","isPartOf":{"@id":"https:\/\/tycia-institut.re\/#website"},"datePublished":"2022-01-12T04:47:05+00:00","dateModified":"2025-12-14T13:38:12+00:00","breadcrumb":{"@id":"https:\/\/tycia-institut.re\/index.php\/a-propos\/#breadcrumb"},"inLanguage":"fr-FR","potentialAction":[{"@type":"ReadAction","target":["https:\/\/tycia-institut.re\/index.php\/a-propos\/"]}]},{"@type":"BreadcrumbList","@id":"https:\/\/tycia-institut.re\/index.php\/a-propos\/#breadcrumb","itemListElement":[{"@type":"ListItem","position":1,"name":"Accueil","item":"https:\/\/tycia-institut.re\/"},{"@type":"ListItem","position":2,"name":"\u00c0 propos"}]}]}},"_links":{"self":[{"href":"https:\/\/tycia-institut.re\/index.php\/wp-json\/wp\/v2\/pages\/17"}],"collection":[{"href":"https:\/\/tycia-institut.re\/index.php\/wp-json\/wp\/v2\/pages"}],"about":[{"href":"https:\/\/tycia-institut.re\/index.php\/wp-json\/wp\/v2\/types\/page"}],"author":[{"embeddable":true,"href":"https:\/\/tycia-institut.re\/index.php\/wp-json\/wp\/v2\/users\/1"}],"replies":[{"embeddable":true,"href":"https:\/\/tycia-institut.re\/index.php\/wp-json\/wp\/v2\/comments?post=17"}],"version-history":[{"count":169,"href":"https:\/\/tycia-institut.re\/index.php\/wp-json\/wp\/v2\/pages\/17\/revisions"}],"predecessor-version":[{"id":2808,"href":"https:\/\/tycia-institut.re\/index.php\/wp-json\/wp\/v2\/pages\/17\/revisions\/2808"}],"wp:attachment":[{"href":"https:\/\/tycia-institut.re\/index.php\/wp-json\/wp\/v2\/media?parent=17"}],"curies":[{"name":"wp","href":"https:\/\/api.w.org\/{rel}","templated":true}]}}